common divisor of 32 and 11888?
16
What is the highest common factor of 275 and 77?
11
What is the greatest common factor of 2052 and 38?
38
Calculate the highest common divisor of 4906 and 22.
22
What is the highest common factor of 13426 and 1096?
274
Calculate the highest common divisor of 66 and 176.
22
Calculate the greatest common divisor of 78 and 30.
6
What is the highest common factor of 13 and 2977?
13
Calculate the highest common factor of 8 and 712.
8
Calculate the highest common factor of 2231 and 46.
23
Calculate the highest common divisor of 27 and 45.
9
What is the highest common divisor of 70 and 385?
35
What is the greatest common factor of 192 and 6?
6
Calculate the highest common factor of 805 and 245.
35
What is the highest common factor of 822 and 6302?
274
What is the greatest common divisor of 5 and 139?
1
Calculate the highest common factor of 17 and 34.
17
What is the greatest common factor of 995 and 3184?
199
What is the greatest common divisor of 129 and 6?
3
Calculate the greatest common divisor of 34 and 194.
2
What is the greatest common divisor of 17 and 52513?
17
Calculate the greatest common divisor of 35 and 3955.
35
Calculate the highest common divisor of 14 and 1918.
14
Calculate the greatest common divisor of 72878 and 26.
26
What is the highest common factor of 140 and 9380?
140
Calculate the greatest common factor of 1735 and 5.
5
What is the highest common factor of 5747 and 70?
7
Calculate the highest common factor of 1547 and 1274.
91
What is the highest common divisor of 18 and 174?
6
Calculate the greatest common divisor of 174 and 2697.
87
What is the greatest common factor of 12 and 5748?
12
What is the greatest common divisor of 96 and 240?
48
Calculate the greatest common factor of 10396 and 92.
92
Calculate the greatest common divisor of 2 and 2273.
1
What is the greatest common factor of 377 and 145?
29
Calculate the highest common divisor of 128 and 576.
64
Calculate the greatest common factor of 6 and 141.
3
Calculate the highest common divisor of 684 and 152.
76
What is the highest common divisor of 15 and 635?
5
Calculate the highest common factor of 4 and 74.
2
Calculate the highest common factor of 41 and 369.
41
Calculate the highest common factor of 6 and 16158.
6
What is the greatest common divisor of 9 and 657?
9
Calculate the greatest common factor of 1 and 43.
1
What is the greatest common divisor of 57 and 669?
3
Calculate the greatest common divisor of 136 and 72.
8
Calculate the greatest common factor of 12 and 21.
3
Calculate the greatest common divisor of 54 and 9369.
27
What is the highest common divisor of 95 and 4541?
19
What is the highest common divisor of 24 and 2256?
24
What is the greatest common factor of 609 and 174?
87
What is the greatest common divisor of 220 and 27170?
110
Calculate the greatest common divisor of 29 and 899.
29
What is the highest common factor of 50 and 20?
10
Calculate the highest common factor of 2117 and 73.
73
Calculate the greatest common factor of 548 and 54.
2
Calculate the greatest common divisor of 12 and 1068.
12
What is the highest common divisor of 1425 and 300?
75
What is the highest common factor of 22860 and 540?
180
Calculate the greatest common divisor of 2210 and 102.
34
What is the highest common divisor of 19 and 1406?
19
What is the highest common factor of 152 and 2304?
8
What is the highest common divisor of 3476 and 352?
44
Calculate the highest common divisor of 154 and 682.
22
What is the highest common divisor of 26 and 19396?
26
What is the greatest common factor of 1037 and 61?
61
Calculate the highest common factor of 1 and 50.
1
Calculate the highest common factor of 58 and 2465.
29
What is the highest common divisor of 168 and 98?
14
What is the highest common divisor of 2724 and 12?
12
Calculate the highest common factor of 342 and 54.
18
Calculate the greatest common divisor of 75 and 69.
3
Calculate the highest common divisor of 44 and 341.
11
Calculate the highest common divisor of 14 and 6.
2
What is the highest common divisor of 97 and 1552?
97
What is the greatest common factor of 1830 and 30?
30
Calculate the greatest common factor of 1066 and 338.
26
Calculate the greatest common divisor of 8 and 28.
4
Calculate the highest common factor of 900 and 575.
25
Calculate the highest common divisor of 78 and 676.
26
What is the highest common factor of 24 and 84?
12
What is the highest common divisor of 3431 and 511?
73
Calculate the greatest common factor of 26019 and 59.
59
Calculate the highest common divisor of 118 and 46.
2
What is the greatest common divisor of 1300 and 52?
52
What is the highest common factor of 7119 and 9?
9
Calculate the greatest common factor of 16 and 80.
16
Calculate the greatest common divisor of 2 and 203.
1
What is the highest common factor of 40 and 272?
8
What is the highest common factor of 57 and 380?
19
Calculate the greatest common divisor of 12 and 26364.
12
What is the greatest common divisor of 64 and 88?
8
What is the greatest common divisor of 94 and 4418?
94
Calculate the greatest common divisor of 16 and 14456.
8
What is the highest common factor of 143 and 11?
11
Calculate the greatest common factor of 388 and 1649.
97
What is the highest common divisor of 51 and 136?
17
Calculate the greatest common divisor of 71 and 1349.
71
What is the greatest common divisor of 255 and 1335?
15
What is the greatest common divisor of 72 and 648?
72
What is the highest common factor of 5191 and 1969?
179
Calculate the highest common divisor of 1638 and 90.
18
Calculate the highest common divisor of 14 and 1260.
14
What is the highest common factor of 62 and 124?
62
Calculate the greatest common divisor of 3755 and 5.
5
Calculate the highest common divisor of 3968 and 896.
128
Calculate the highest common divisor of 66 and 1518.
66
Calculate the highest common factor of 21 and 7.
7
What is the highest common factor of 341 and 33?
11
Calculate the highest common divisor of 1608 and 48.
24
What is the highest common factor of 130 and 50?
10
Calculate the highest common factor of 115 and 1564.
23
Calculate the greatest common factor of 616 and 2016.
56
Calculate the greatest common factor of 765 and 3485.
85
What is the greatest common divisor of 665 and 35?
35
What is the greatest common divisor of 35 and 7?
7
Calculate the greatest common divisor of 414 and 90.
18
Calculate the greatest common divisor of 124 and 3317.
31
Calculate the highest common divisor of 30 and 1410.
30
What is the highest common factor of 1774 and 6?
2
Calculate the greatest common factor of 11 and 1089.
11
Calculate the highest common factor of 13 and 1027.
13
Calculate the highest common divisor of 25 and 9.
1
Calculate the highest common factor of 1537 and 29.
29
What is the highest common factor of 1250 and 25?
25
Calculate the highest common divisor of 7325 and 25.
25
Calculate the greatest common factor of 95 and 1045.
95
Calculate the highest common factor of 39017 and 11.
11
Calculate the greatest common factor of 60 and 15.
15
Calculate the greatest common divisor of 3024 and 28.
28
What is the greatest common factor of 40 and 24?
8
Calculate the greatest common factor of 630 and 20.
10
Calculate the greatest common factor of 11 and 539.
11
Calculate the highest common factor of 744 and 24.
24
What is the highest common divisor of 20 and 2410?
10
Calculate the highest common factor of 36 and 1125.
9
What is the highest common factor of 7322 and 28?
14
What is the greatest common factor of 48 and 42?
6
What is the greatest common divisor of 1 and 2795?
1
Calculate the greatest common factor of 3021 and 318.
159
Calculate the highest common factor of 18 and 657.
9
Calculate the highest common factor of 112 and 9968.
112
What is the highest common divisor of 738 and 1152?
18
Calculate the greatest common divisor of 105 and 700.
35
Calculate the greatest common factor of 2006 and 102.
34
What is the highest common divisor of 133 and 42?
7
Calculate the highest common divisor of 221 and 13.
13
What is the highest common factor of 570 and 342?
114
What is the highest common factor of 154 and 10087?
77
Calculate the greatest common divisor of 992 and 62.
62
What is the greatest common factor of 11921 